{"id":1790,"date":"2018-08-02T14:51:45","date_gmt":"2018-08-02T12:51:45","guid":{"rendered":"https:\/\/www.irouicome.com\/blog\/?page_id=1790"},"modified":"2019-11-20T06:56:55","modified_gmt":"2019-11-20T05:56:55","slug":"banyoles","status":"publish","type":"page","link":"https:\/\/www.irouicome.com\/blog\/pays-catalan\/lieux-a-decouvrir\/espagne\/banyoles\/","title":{"rendered":"Banyoles"},"content":{"rendered":"<p>[vc_row][vc_column][vc_empty_space height=\u00a0\u00bb50&Prime;][\/vc_column][\/vc_row][vc_row][vc_column][vc_separator][\/vc_column][\/vc_row][vc_row class=\u00a0\u00bbrow-flex\u00a0\u00bb][vc_column width=\u00a0\u00bb5\/12&Prime;][vc_single_image image=\u00a0\u00bb9085&Prime; img_size=\u00a0\u00bbfull\u00a0\u00bb alignment=\u00a0\u00bbcenter\u00a0\u00bb][\/vc_column][vc_column width=\u00a0\u00bb7\/12&Prime;][vc_row_inner][vc_column_inner width=\u00a0\u00bb2\/3&Prime;][vc_column_text]<strong>Nom<\/strong>\u00a0: Banyoles<br \/>\n<strong>Activit\u00e9s<\/strong>\u00a0: Tourisme, \u00e9cotourisme<br \/>\n<strong>Sp\u00e9cialit\u00e9s<\/strong>\u00a0: Produits \u00e0 base d\u2019amande.<br \/>\n<strong>Les petits +<\/strong>\u00a0: Baignades et activit\u00e9s aquatiques en lac naturel<br \/>\n<strong>Localit\u00e9\u00a0<\/strong>: Comarque du Pla de l\u2019Estany, province de G\u00e9rone, nord-est de l\u2019Espagne (Catalogne Sud)[\/vc_column_text][\/vc_column_inner][vc_column_inner width=\u00a0\u00bb1\/3&Prime;][vc_single_image image=\u00a0\u00bb4425&Prime; img_size=\u00a0\u00bbfull\u00a0\u00bb alignment=\u00a0\u00bbcenter\u00a0\u00bb][\/vc_column_inner][\/vc_row_inner][\/vc_column][\/vc_row][vc_row][vc_column][vc_separator][\/vc_column][\/vc_row][vc_row][vc_column][vc_empty_space height=\u00a0\u00bb20&Prime;][\/vc_column][\/vc_row][vc_row class=\u00a0\u00bbrow-flex\u00a0\u00bb][vc_column][vc_column_text]<\/p>\n<h2>O\u00f9 se trouve Banyoles ?<\/h2>\n<p>[\/vc_column_text][\/vc_column][\/vc_row][vc_row class=\u00a0\u00bbrow-flex\u00a0\u00bb][vc_column][vc_column_text]Entre <a href=\"https:\/\/www.irouicome.com\/blog\/pays-catalan\/lieux-a-decouvrir\/espagne\/figueres\/\"><strong><u>Figueres<\/u><\/strong><\/a> et <a href=\"https:\/\/www.irouicome.com\/blog\/pays-catalan\/lieux-a-decouvrir\/espagne\/gerone-traditionnelle\/\"><strong><u>G\u00e9rone<\/u><\/strong><\/a>, \u00e0 proximit\u00e9 du <strong>parc volcanique de la Garrotxa<\/strong>, se trouve <strong>Banyoles<\/strong> et son splendide lac naturel. Cette petite ville catalane rec\u00e8le bien des tr\u00e9sors historiques et arch\u00e9ologiques, preuves de l\u2019occupation de cette r\u00e9gion par l\u2019homme depuis la nuit des temps.<\/p>\n<p>Commune au pass\u00e9 aussi lointain que mouvement\u00e9, Banyoles est unique. Ne serait-ce que de par la pr\u00e9sence de son lac naturel, le plus grand de la p\u00e9ninsule ib\u00e9rique, cette commune, bien que typiquement catalane, d\u00e9note de par l\u2019ambiance qui y r\u00e8gne. Douceur de vivre et tranquillit\u00e9 y sont de mise, le tout dans un <strong>cadre naturel somptueux<\/strong>. Ces atouts en font une destination touristique tr\u00e8s pris\u00e9e des connaisseurs\u00a0!<\/p>\n<p>Partons \u00e0 la d\u00e9couverte de ce village catalan ![\/vc_column_text][\/vc_column][\/vc_row][vc_row][vc_column][vc_empty_space height=\u00a0\u00bb20&Prime;][\/vc_column][\/vc_row][vc_row][vc_column][vc_separator][\/vc_column][\/vc_row][vc_row][vc_column width=\u00a0\u00bb2\/3&Prime;][vc_gmaps link=\u00a0\u00bb#E-8_JTNDaWZyYW1lJTIwc3JjJTNEJTIyaHR0cHMlM0ElMkYlMkZ3d3cuZ29vZ2xlLmNvbSUyRm1hcHMlMkZlbWJlZCUzRnBiJTNEJTIxMW0xOCUyMTFtMTIlMjExbTMlMjExZDExODM4LjI1MzgwNTE4NzQxNiUyMTJkMi43NTc2MDkyODY5NTg1NyUyMTNkNDIuMTE2ODE5NDY3MjYxNTM2JTIxMm0zJTIxMWYwJTIxMmYwJTIxM2YwJTIxM20yJTIxMWkxMDI0JTIxMmk3NjglMjE0ZjEzLjElMjEzbTMlMjExbTIlMjExczB4MTJiYWMyMDNmZDA0NTQ1ZCUyNTNBMHgxNWVhMDNmM2VmZDQxMDM3JTIxMnMxNzgyMCUyQkJhbnlvbGVzJTI1MkMlMkJHJTI1QzMlMjVBOXJvbmUlMjUyQyUyQkVzcGFnbmUlMjE1ZTAlMjEzbTIlMjExc2ZyJTIxMnNmciUyMTR2MTUyODEwMDg0ODUwNiUyMiUyMHdpZHRoJTNEJTIyNjAwJTIyJTIwaGVpZ2h0JTNEJTIyNDUwJTIyJTIwZnJhbWVib3JkZXIlM0QlMjIwJTIyJTIwc3R5bGUlM0QlMjJib3JkZXIlM0EwJTIyJTIwYWxsb3dmdWxsc2NyZWVuJTNFJTNDJTJGaWZyYW1lJTNF\u00a0\u00bb size=\u00a0\u00bb300&Prime;][\/vc_column][vc_column width=\u00a0\u00bb1\/3&Prime;][vc_column_text]<\/p>\n<div class=\"shortcode\"><div id=\"wpc-weather-id-1796\" class=\"wpc-weather-id\" data-id=\"1796\" data-post-id=\"1790\" data-map=\"\" data-detect-geolocation=\"\" data-manual-geolocation=\"\" data-wpc-lat=\"\" data-wpc-lon=\"\" data-wpc-city-id=\"\" data-wpc-city-name=\"\" data-custom-font=\"\"><\/div><\/div>\n<p>[\/vc_column_text][\/vc_column][\/vc_row][vc_row][vc_column][vc_separator][\/vc_column][\/vc_row][vc_row][vc_column][vc_column_text]<\/p>\n<h2>Banyoles d\u2019hier<\/h2>\n<p><strong>Le parc n\u00e9olithique de la Draga<\/strong> est un formidable gisement arch\u00e9ologique qui fait \u00e9tat de l\u2019activit\u00e9 et de l\u2019habitat qui se tenaient \u00e0 cet endroit il y a plus de 6000 ans\u00a0! Les vestiges retrouv\u00e9s dans la zone ont permis de se repr\u00e9senter le quotidien des habitants de la r\u00e9gion. Ce site est d\u2019une valeur arch\u00e9ologique inestimable, tant il nous renseigne sur l\u2019organisation sociale ainsi que les m\u0153urs de ses occupants.<\/p>\n<p>Il est possible de visiter le site arch\u00e9ologique et de d\u00e9couvrir les reproductions d\u2019habitats de ces lointains anc\u00eatres, ainsi que la nature de leur quotidien et de leurs activit\u00e9s.<\/p>\n<p>Plus ancienne encore, la fameuse \u00ab\u00a0m\u00e2choire de Banyoles\u00a0\u00bb appartenait \u00e0 un habitant de la r\u00e9gion \u00e0 l\u2019\u00e9poque de N\u00e9andertal\u00a0! Cette derni\u00e8re est expos\u00e9e au <strong>Mus\u00e9e Arch\u00e9ologique de Banyoles<\/strong>, au milieu d\u2019autres ossements, animaux notamment, remontant \u00e0 plus d\u20191 million d\u2019ann\u00e9es\u00a0! C\u2019est le cas du cr\u00e2ne aux dents de sabre. Ce lieu regroupe de nombreux vestiges d\u00e9couverts \u00e0 travers la r\u00e9gion.<\/p>\n<p>Le b\u00e2timent dans lequel si\u00e8ge ce mus\u00e9e est <strong>un ancien palais gothique du 14<sup>\u00e8me<\/sup> si\u00e8cle, appel\u00e9 Pia Almonia<\/strong>. Il a d\u2019abord servi de lieu d\u00e9di\u00e9 \u00e0 la charit\u00e9. Les pauvres venaient y r\u00e9cup\u00e9rer des v\u00eatements avant que l\u2019endroit ne se convertisse en mairie. On retrouve ici tout le pass\u00e9 de la r\u00e9gion au fil des \u00e9poques successives. De la pr\u00e9histoire, en passant par l\u2019antiquit\u00e9 et la pr\u00e9sence romaine, jusqu\u2019au Moyen-\u00e2ge, ce mus\u00e9e offre une vision de l\u2019\u00e9tendue et de la densit\u00e9 historique de la r\u00e9gion. On dit souvent qu\u2019il s\u2019agit de l\u2019un des mus\u00e9es les plus int\u00e9ressants de la Costa Brava\u00a0![\/vc_column_text][\/vc_column][\/vc_row][vc_row][vc_column][vc_empty_space height=\u00a0\u00bb20&Prime;][\/vc_column][\/vc_row][vc_row][vc_column][vc_separator][\/vc_column][\/vc_row][vc_row class=\u00a0\u00bbrow-flex\u00a0\u00bb][vc_column width=\u00a0\u00bb1\/6&Prime;][vc_single_image image=\u00a0\u00bb1753&Prime; img_size=\u00a0\u00bbfull\u00a0\u00bb alignment=\u00a0\u00bbcenter\u00a0\u00bb][\/vc_column][vc_column width=\u00a0\u00bb5\/6&Prime; css=\u00a0\u00bb.vc_custom_1510053487436{border-left-width: 2px !important;padding-top: 0px !important;border-left-color: #e07e1d !important;border-left-style: solid !important;}\u00a0\u00bb][vc_column_text]<strong>Le saviez-vous\u00a0? <\/strong><em>La \u00ab\u00a0mandibule de Banyoles\u00a0\u00bbvieille de 45\u00a0000 ans, a \u00e9t\u00e9 d\u00e9couverte en 1887 par un tailleur de pierre. C\u2019est de cette \u00e9poque qu\u2019est n\u00e9 l\u2019int\u00e9r\u00eat arch\u00e9ologique de la r\u00e9gion du Pla de l\u2019Estany.<\/em>[\/vc_column_text][\/vc_column][\/vc_row][vc_row][vc_column][vc_separator][vc_empty_space height=\u00a0\u00bb20&Prime;][vc_column_text]La visite du petit village se poursuit par la d\u00e9couverte de la vieille ville. Son centre historique s\u2019est d\u00e9velopp\u00e9 \u00e0 l\u2019\u00e9poque autour d\u2019un centre eccl\u00e9siastique. Sur la Pla\u00e7a del Monastir, le monast\u00e8re Sant Est\u00e8ve se dresse. Bien qu\u2019il ait subi de nombreuses destructions, cet \u00e9difice a toujours \u00e9t\u00e9 reconstruit. L\u2019\u00e9glise qui s\u2019y tient aujourd\u2019hui date en r\u00e9alit\u00e9 du 18<sup>\u00e8me<\/sup>\u00a0 si\u00e8cle. Cependant, de nombreux \u00e9l\u00e9ments, aussi bien architecturaux que mobiliers t\u00e9moignent des diff\u00e9rentes \u00e9poques.<\/p>\n<p>Un peu plus loin, en empruntant la <strong>Carrer Nou<\/strong>, une des plus anciennes art\u00e8res de la ville, vous d\u00e9couvrirez alors cette petite rue \u00e9troite, faite d\u2019anciennes b\u00e2tisses (entre le 13<sup>\u00e8me<\/sup> et le 15<sup>\u00e8me<\/sup> si\u00e8cle).<\/p>\n<p><strong>L\u2019\u00e9glise Santa Maria dels Turers<\/strong> est un \u00e9difice qui repr\u00e9sente un int\u00e9r\u00eat \u00e0 plusieurs \u00e9gards. D\u2019une part, cette magnifique construction est l\u2019une des premi\u00e8res ayant arbor\u00e9 le style gothique catalan. D\u2019autre part, sa vue produit une sensation \u00e9trange. Cette imposante \u00e9glise est litt\u00e9ralement enserr\u00e9e par les constructions qui la jouxtent\u00a0! Compte tenu de la proximit\u00e9 des b\u00e2timents, il est difficile d\u2019appr\u00e9cier du regard tout le b\u00e2timent.<\/p>\n<p>[\/vc_column_text][vc_empty_space height=\u00a0\u00bb20&Prime;][vc_single_image image=\u00a0\u00bb9082&Prime; img_size=\u00a0\u00bbfull\u00a0\u00bb alignment=\u00a0\u00bbcenter\u00a0\u00bb][vc_empty_space height=\u00a0\u00bb20&Prime;][vc_column_text]Banyoles, au 13<sup>\u00e8me<\/sup> si\u00e8cle \u00e9tait alors connu pour ses tissus d\u2019excellente qualit\u00e9. C\u2019est \u00e0 cette \u00e9poque que l\u2019urbanisation de la ville a commenc\u00e9. Les murailles existantes durent \u00eatre d\u00e9plac\u00e9es pour permettre un agrandissement suffisant pour accueillir la nouvelle population. C\u2019est donc de cette \u00e9poque que date la structure du c\u0153ur historique.<\/p>\n<p><strong>La Pla\u00e7a Major<\/strong> est la plus ancienne de Banyoles. Elle existe depuis le 13<sup>\u00e8me<\/sup> si\u00e8cle et accueille le march\u00e9 depuis cette \u00e9poque\u00a0! Le mercredi, elle est prise d\u2019assaut par les camelots et les commer\u00e7ants qui colonisent litt\u00e9ralement le centre-ville\u00a0! Le march\u00e9 est une tradition\u00a0! Les stands pleins de fruits multicolores de l\u2019arri\u00e8re-pays occupent les \u00e9talages, et le bourdonnement de la foule vient transformer cette place d\u2019habitude si tranquille et paisible. Bien qu\u2019anim\u00e9e de par les restaurants et les bars qui la jouxtent, on se cale paisiblement \u00e0 l\u2019ombre, en terrasse pour y prendre le temps.[\/vc_column_text][\/vc_column][\/vc_row][vc_row][vc_column][vc_empty_space height=\u00a0\u00bb20&Prime;][\/vc_column][\/vc_row][vc_row][vc_column][vc_single_image image=\u00a0\u00bb9090&Prime; img_size=\u00a0\u00bbfull\u00a0\u00bb alignment=\u00a0\u00bbcenter\u00a0\u00bb][\/vc_column][\/vc_row][vc_row][vc_column][vc_empty_space height=\u00a0\u00bb20&Prime;][\/vc_column][\/vc_row][vc_row][vc_column][vc_column_text]<\/p>\n<h2>L\u2019histoire plus r\u00e9cente de Banyoles<\/h2>\n<p>Les 19<sup>\u00e8me<\/sup> et 20<sup>\u00e8me<\/sup> si\u00e8cles ont laiss\u00e9 des souvenirs douloureux dans la r\u00e9gion. Les invasions napol\u00e9oniennes, suivies de la troisi\u00e8me guerre Carliste ont provoqu\u00e9 des situations de gu\u00e9rilla \u00e0 travers cette partie du pays.<\/p>\n<p>La p\u00e9riode franquiste ne fut pas moins tendre. Les populations venues se r\u00e9fugier en Catalogne pour \u00e9chapper au franquisme, furent rattrap\u00e9es par le r\u00e9gime fasciste en 1939, lorsque ce dernier envahit la ville.<\/p>\n<p>Outre ces \u00e9pisodes douloureux, Banyoles a aussi brill\u00e9 \u00e0 l\u2019occasion des <strong>Jeux Olympiques de Barcelone<\/strong> en accueillant des \u00e9preuves aquatiques sur son lac. Ce lac fait d\u2019ailleurs la particularit\u00e9 de Banyoles. Depuis toujours, les habitants de la r\u00e9gion doivent beaucoup \u00e0 ce lac naturel. Cette relation se ressent dans le respect que les habitants vouent \u00e0 la nature qui les entoure. La \u00ab\u00a0<strong>ruta de la puda<\/strong>\u00a0\u00bb en est la preuve. Entre marais et zones humides, cette balade autour du lac plonge le promeneur dans un <strong>environnement intact<\/strong>. La proximit\u00e9 du <strong>parc naturel de la Garrotxa<\/strong> ajoute encore \u00e0 l\u2019importance que tient la nature dans la r\u00e9gion.<\/p>\n<p>Les \u00ab<strong>pesqueras<\/strong>\u00a0\u00bb que l\u2019on trouve au bord de l\u2019eau, font partie des images typiques de la ville. Ces anciennes cabanes destin\u00e9es \u00e0 accueillir des baigneurs ou \u00e0 abriter du mat\u00e9riel de p\u00eache, ajoutent une touche bucolique au d\u00e9cor. Certaines ont subi les outrages du temps, tandis que d\u2019autres sont remarquablement entretenues. Une d\u2019entre elles accueille l\u2019office du tourisme de la ville.[\/vc_column_text][\/vc_column][\/vc_row][vc_row][vc_column][vc_empty_space height=\u00a0\u00bb20&Prime;][\/vc_column][\/vc_row][vc_row][vc_column][vc_single_image image=\u00a0\u00bb9093&Prime; img_size=\u00a0\u00bbfull\u00a0\u00bb alignment=\u00a0\u00bbcenter\u00a0\u00bb][\/vc_column][\/vc_row][vc_row][vc_column][vc_empty_space height=\u00a0\u00bb20&Prime;][\/vc_column][\/vc_row][vc_row][vc_column][vc_column_text]<\/p>\n<h2>Quoi faire \u00e0 Banyoles ?<\/h2>\n<p>[\/vc_column_text][\/vc_column][\/vc_row][vc_row][vc_column][vc_column_text]<\/p>\n<h3>Une ville o\u00f9 il fait bon profiter de la nature<\/h3>\n<p>C\u00f4t\u00e9 activit\u00e9s de plein air, ce n&rsquo;est pas ce qu&rsquo;il manque \u00e0 Banyoles ! On vous en cite quelques unes :<\/p>\n<h4>Baignade<\/h4>\n<p>\u00c0 Banyoles, pas de plages de sable fin, ni de sable blanc, en revanche la baignade est de mise\u00a0! Des pontons destin\u00e9s \u00e0 accueillir les baigneurs font d\u2019une partie des berges du lac, une base nautique, o\u00f9 il est fortement conseill\u00e9 de plonger lorsque le soleil d\u2019\u00e9t\u00e9 devient mordant\u00a0!<\/p>\n<h4>Balades &amp; Randos<\/h4>\n<p>De longues balades vous attendent. Que vous suiviez les sentiers environnants du lac, ou que vous d\u00e9cidiez de partir explorer le <strong>parc naturel volcanique de la Garrotxa<\/strong>, vous profiterez d\u2019un <strong>paysage sauvage<\/strong>. Malgr\u00e9 la proximit\u00e9 de la c\u00f4te tr\u00e8s urbanis\u00e9e, cette zone reste pr\u00e9serv\u00e9e.<\/p>\n<p>Amateurs d\u2019activit\u00e9s de plein air, vous pourrez r\u00e9aliser vos ballades \u00e0 pied, en v\u00e9lo, \u00e0 cheval et m\u00eame prendre de la hauteur en Montgolfi\u00e8re\u00a0!<\/p>\n<h4>Activit\u00e9s aquatiques<\/h4>\n<p>Et si vous pr\u00e9f\u00e9rez les activit\u00e9s aquatiques, Banyoles vous offre l\u2019occasion de louer une barque, de vous essayer en \u00e9quipe au \u00ab\u00a0dragon boat\u00a0\u00bb, sorte de cano\u00eb kayak ludique et sportif, ou encore de pratiquer la p\u00eache sportive sur le lac\u2026<\/p>\n<p>Que vous soyez \u00e0 la recherche d\u2019un coin <strong>calme et paisible<\/strong>, ou d\u2019un terrain de jeu grandeur nature, Banyoles saura vous ravir par son charme et par son c\u00f4t\u00e9 sauvage. Ici, la nature joue un r\u00f4le majeur. Alors, si vous aussi vous souhaitez d\u00e9couvrir la r\u00e9gion et profiter d\u2019un coin un peu recul\u00e9 de la c\u00f4te, n\u2019h\u00e9sitez pas \u00e0 partir \u00e0 la d\u00e9couverte de Banyoles\u00a0! Entre <strong>histoire et nature<\/strong>, votre s\u00e9jour ne ressemblera \u00e0 aucun autre\u2026 Bonne visite\u00a0![\/vc_column_text][\/vc_column][\/vc_row][vc_row][vc_column][vc_empty_space height=\u00a0\u00bb30&Prime;][\/vc_column][\/vc_row][vc_row][vc_column][vc_single_image image=\u00a0\u00bb9094&Prime; img_size=\u00a0\u00bbfull\u00a0\u00bb alignment=\u00a0\u00bbcenter\u00a0\u00bb][vc_empty_space height=\u00a0\u00bb30&Prime;][\/vc_column][\/vc_row]<\/p>\n","protected":false},"excerpt":{"rendered":"[vc_row][vc_column][vc_empty_space height=\"50\"][\/vc_column][\/vc_row][vc_row][vc_column][vc_separator][\/vc_column][\/vc_row][vc_row class=\"row-flex\"][vc_column width=\"5\/12\"][vc_single_image image=\"9085\" img_size=\"full\" alignment=\"center\"][\/vc_column][vc_column width=\"7\/12\"][vc_row_inner][vc_column_inner width=\"2\/3\"][vc_column_text]Nom\u00a0: Banyoles Activit\u00e9s\u00a0: Tourisme, \u00e9cotourisme Sp\u00e9cialit\u00e9s\u00a0: Produits \u00e0 base d\u2019amande. Les petits&hellip;","protected":false},"author":1,"featured_media":9085,"parent":1694,"menu_order":0,"comment_status":"closed","ping_status":"closed","template":"page-sidebar.php","meta":[],"_links":{"self":[{"href":"https:\/\/www.irouicome.com\/blog\/wp-json\/wp\/v2\/pages\/1790"}],"collection":[{"href":"https:\/\/www.irouicome.com\/blog\/wp-json\/wp\/v2\/pages"}],"about":[{"href":"https:\/\/www.irouicome.com\/blog\/wp-json\/wp\/v2\/types\/page"}],"author":[{"embeddable":true,"href":"https:\/\/www.irouicome.com\/blog\/wp-json\/wp\/v2\/users\/1"}],"replies":[{"embeddable":true,"href":"https:\/\/www.irouicome.com\/blog\/wp-json\/wp\/v2\/comments?post=1790"}],"version-history":[{"count":10,"href":"https:\/\/www.irouicome.com\/blog\/wp-json\/wp\/v2\/pages\/1790\/revisions"}],"predecessor-version":[{"id":20281,"href":"https:\/\/www.irouicome.com\/blog\/wp-json\/wp\/v2\/pages\/1790\/revisions\/20281"}],"up":[{"embeddable":true,"href":"https:\/\/www.irouicome.com\/blog\/wp-json\/wp\/v2\/pages\/1694"}],"wp:featuredmedia":[{"embeddable":true,"href":"https:\/\/www.irouicome.com\/blog\/wp-json\/wp\/v2\/media\/9085"}],"wp:attachment":[{"href":"https:\/\/www.irouicome.com\/blog\/wp-json\/wp\/v2\/media?parent=1790"}],"curies":[{"name":"wp","href":"https:\/\/api.w.org\/{rel}","templated":true}]}}